{"id":2403,"date":"2016-12-01T05:33:59","date_gmt":"2016-12-01T04:33:59","guid":{"rendered":"http:\/\/9dwunastych.org\/?page_id=2403"},"modified":"2023-05-31T17:18:04","modified_gmt":"2023-05-31T15:18:04","slug":"podlaska-siec-roznorodnosci","status":"publish","type":"page","link":"https:\/\/9dwunastych.org\/en_us\/podlaska-siec-roznorodnosci\/","title":{"rendered":"Podlaska Sie\u0107 R\u00f3\u017cnorodno\u015bci"},"content":{"rendered":"<section class=\"l-section wpb_row height_medium\"><div class=\"l-section-h i-cf\"><div class=\"g-cols vc_row via_flex valign_top type_default stacking_default\"><div class=\"vc_col-sm-12 wpb_column vc_column_container\"><div class=\"vc_column-inner\"><div class=\"wpb_wrapper\"><div class=\"wpb_text_column\"><div class=\"wpb_wrapper\"><p><img fetchpriority=\"high\" decoding=\"async\" class=\"aligncenter wp-image-2570 size-full\" src=\"http:\/\/9dwunastych.org\/wp-content\/uploads\/2016\/12\/13590407_1185569698174677_7348778715740158068_n.png\" width=\"851\" height=\"315\" srcset=\"https:\/\/9dwunastych.org\/wp-content\/uploads\/2016\/12\/13590407_1185569698174677_7348778715740158068_n.png 851w, https:\/\/9dwunastych.org\/wp-content\/uploads\/2016\/12\/13590407_1185569698174677_7348778715740158068_n-300x111.png 300w, https:\/\/9dwunastych.org\/wp-content\/uploads\/2016\/12\/13590407_1185569698174677_7348778715740158068_n-768x284.png 768w, https:\/\/9dwunastych.org\/wp-content\/uploads\/2016\/12\/13590407_1185569698174677_7348778715740158068_n-260x96.png 260w, https:\/\/9dwunastych.org\/wp-content\/uploads\/2016\/12\/13590407_1185569698174677_7348778715740158068_n-50x19.png 50w, https:\/\/9dwunastych.org\/wp-content\/uploads\/2016\/12\/13590407_1185569698174677_7348778715740158068_n-150x56.png 150w\" sizes=\"(max-width: 851px) 100vw, 851px\" \/><\/p>\n<p>Podlaska Sie\u0107 R\u00f3\u017cnorodno\u015bci powsta\u0142a w 2016 r. i jest efektem sta\u0142ego kontaktu zespo\u0142u naszego stowarzyszenia z kadr\u0105 pedagogiczn\u0105 szk\u00f3\u0142 uczestnicz\u0105cych w programach warsztat\u00f3w antydyskryminacyjnych &#8222;R\u00f3\u017cnorodno\u015b\u0107 &#8211; podaj dalej!&#8221;. Jest to zesp\u00f3\u0142 nauczycielek, psycholo\u017cek, pedago\u017cek i dzia\u0142aczy\/dzia\u0142aczek spo\u0142ecznych, zmotywowanych do przeciwdzia\u0142ania zachowaniom dyskryminacyjnym oraz rozwijania si\u0119 w tym zakresie. Do tej pory sie\u0107 skupia ok. 30 os\u00f3b z 24 szk\u00f3\u0142 i instytucji\/organizacji z: Bia\u0142egostoku, Supra\u015bla, \u0141om\u017cy, Sok\u00f3\u0142ki, Sobolewa, \u0141ap, Bia\u0142owie\u017cy, Hajn\u00f3wki oraz E\u0142ku.<\/p>\n<hr \/>\n<p><strong>Cele Sieci:<\/strong><\/p>\n<ul>\n<li>uporz\u0105dkowanie i uzupe\u0142nienie wiedzy z zakresu przeciwdzia\u0142ania dyskryminacji w\u015br\u00f3d os\u00f3b wsp\u00f3\u0142pracuj\u0105cych z m\u0142odzie\u017c\u0105;<\/li>\n<li>udzielanie wsparcia opiekunom\/opiekunkom w przypadkach zachowa\u0144 dyskryminacyjnych w plac\u00f3wkach edukacyjnych \/ wychowawczych;<\/li>\n<li>wzajemna wymiana do\u015bwiadcze\u0144 mi\u0119dzy osobami nale\u017c\u0105cymi do sieci;<\/li>\n<li>budowanie wsp\u00f3lnotowo\u015bci w\u015br\u00f3d os\u00f3b nale\u017c\u0105cych do sieci, a maj\u0105cych cz\u0119sto wra\u017cenie, \u017ce s\u0105 osamotnione w swoim otoczeniu pod wzgl\u0119dem aktywno\u015bci antydyskryminacyjnej.<\/li>\n<\/ul>\n<hr \/>\n<p><strong>Spotkania Podlaskiej Sieci R\u00f3\u017cnorodno\u015bci:<\/strong><\/p>\n<p><span style=\"color: #ff0000;\">04.07.2016<\/span> &#8211; Spotkanie sieciuj\u0105ce: zapoznanie si\u0119, wsp\u00f3lne wyja\u015bnienie poj\u0119\u0107 zwi\u0105zanych z edukacj\u0105 antydyskryminacyjn\u0105, studium przypadku.<\/p>\n<p><span style=\"color: #ff0000;\">12.07.2016<\/span> &#8211; Spotkanie PSR z Koalicj\u0105 na rzecz Edukacji Antydyskryminacyjnej: zapoznanie z praktykami dzia\u0142alno\u015bci antydyskryminacyjnej z ca\u0142ej Polski.<\/p>\n<div class=\"w-gallery link_file\"><div class=\"w-gallery-list\"><a class=\"w-gallery-item order_1\" href=\"https:\/\/9dwunastych.org\/wp-content\/uploads\/2017\/01\/13692990_10155119750968079_90309981653157618_o.jpg\" title=\"13692990_10155119750968079_90309981653157618_o\"><div class=\"w-gallery-item-img\"><img loading=\"lazy\" decoding=\"async\" width=\"1024\" height=\"683\" src=\"https:\/\/9dwunastych.org\/wp-content\/uploads\/2017\/01\/13692990_10155119750968079_90309981653157618_o-1024x683.jpg\" class=\"attachment-large size-large\" alt=\"\" srcset=\"https:\/\/9dwunastych.org\/wp-content\/uploads\/2017\/01\/13692990_10155119750968079_90309981653157618_o-1024x683.jpg 1024w, https:\/\/9dwunastych.org\/wp-content\/uploads\/2017\/01\/13692990_10155119750968079_90309981653157618_o-300x200.jpg 300w, https:\/\/9dwunastych.org\/wp-content\/uploads\/2017\/01\/13692990_10155119750968079_90309981653157618_o-768x512.jpg 768w, https:\/\/9dwunastych.org\/wp-content\/uploads\/2017\/01\/13692990_10155119750968079_90309981653157618_o-219x146.jpg 219w, https:\/\/9dwunastych.org\/wp-content\/uploads\/2017\/01\/13692990_10155119750968079_90309981653157618_o-50x33.jpg 50w, https:\/\/9dwunastych.org\/wp-content\/uploads\/2017\/01\/13692990_10155119750968079_90309981653157618_o-113x75.jpg 113w, https:\/\/9dwunastych.org\/wp-content\/uploads\/2017\/01\/13692990_10155119750968079_90309981653157618_o.jpg 1050w\" sizes=\"(max-width: 1024px) 100vw, 1024px\" \/><\/div><\/a><\/div><\/div>\n<p><span style=\"color: #ff0000;\">17-18.09.2016<\/span> &#8211; Wyjazd szkoleniowy (Letnia Szko\u0142a R\u00f3\u017cnorodno\u015bci): przygotowanie trenerskie do prowadzenia w\u0142asnych warsztat\u00f3w antydyskryminacyjnych.<\/p>\n<div class=\"w-gallery cols_3 link_file\"><div class=\"w-gallery-list\"><a class=\"w-gallery-item order_1\" href=\"https:\/\/9dwunastych.org\/wp-content\/uploads\/2017\/01\/LSR-3.jpg\" title=\"LSR 3\"><div class=\"w-gallery-item-img\"><img loading=\"lazy\" decoding=\"async\" width=\"150\" height=\"150\" src=\"https:\/\/9dwunastych.org\/wp-content\/uploads\/2017\/01\/LSR-3-150x150.jpg\" class=\"attachment-thumbnail size-thumbnail\" alt=\"\" srcset=\"https:\/\/9dwunastych.org\/wp-content\/uploads\/2017\/01\/LSR-3-150x150.jpg 150w, https:\/\/9dwunastych.org\/wp-content\/uploads\/2017\/01\/LSR-3-85x85.jpg 85w, https:\/\/9dwunastych.org\/wp-content\/uploads\/2017\/01\/LSR-3-80x80.jpg 80w, https:\/\/9dwunastych.org\/wp-content\/uploads\/2017\/01\/LSR-3-750x750.jpg 750w\" sizes=\"(max-width: 150px) 100vw, 150px\" \/><\/div><\/a><a class=\"w-gallery-item order_2\" href=\"https:\/\/9dwunastych.org\/wp-content\/uploads\/2017\/01\/LSR-2.jpg\" title=\"LSR 2\"><div class=\"w-gallery-item-img\"><img loading=\"lazy\" decoding=\"async\" width=\"150\" height=\"150\" src=\"https:\/\/9dwunastych.org\/wp-content\/uploads\/2017\/01\/LSR-2-150x150.jpg\" class=\"attachment-thumbnail size-thumbnail\" alt=\"\" srcset=\"https:\/\/9dwunastych.org\/wp-content\/uploads\/2017\/01\/LSR-2-150x150.jpg 150w, https:\/\/9dwunastych.org\/wp-content\/uploads\/2017\/01\/LSR-2-85x85.jpg 85w, https:\/\/9dwunastych.org\/wp-content\/uploads\/2017\/01\/LSR-2-80x80.jpg 80w, https:\/\/9dwunastych.org\/wp-content\/uploads\/2017\/01\/LSR-2-750x750.jpg 750w\" sizes=\"(max-width: 150px) 100vw, 150px\" \/><\/div><\/a><a class=\"w-gallery-item order_3\" href=\"https:\/\/9dwunastych.org\/wp-content\/uploads\/2017\/01\/LSR-1.jpg\" title=\"LSR 1\"><div class=\"w-gallery-item-img\"><img loading=\"lazy\" decoding=\"async\" width=\"150\" height=\"150\" src=\"https:\/\/9dwunastych.org\/wp-content\/uploads\/2017\/01\/LSR-1-150x150.jpg\" class=\"attachment-thumbnail size-thumbnail\" alt=\"\" srcset=\"https:\/\/9dwunastych.org\/wp-content\/uploads\/2017\/01\/LSR-1-150x150.jpg 150w, https:\/\/9dwunastych.org\/wp-content\/uploads\/2017\/01\/LSR-1-85x85.jpg 85w, https:\/\/9dwunastych.org\/wp-content\/uploads\/2017\/01\/LSR-1-80x80.jpg 80w, https:\/\/9dwunastych.org\/wp-content\/uploads\/2017\/01\/LSR-1-750x750.jpg 750w\" sizes=\"(max-width: 150px) 100vw, 150px\" \/><\/div><\/a><\/div><\/div>\n<p><span style=\"color: #ff0000;\">27.10.2016<\/span> &#8211; Jak pracowa\u0107 z filmem &#8222;Niebieskoocy&#8221;: spotkanie szkoleniowe<\/p>\n<p>Osoby dotychczas obecne w sieci\u00a0wyrazi\u0142y ch\u0119\u0107 spotykania si\u0119 raz na\u00a0oko\u0142o 2-3 miesi\u0105ce. Ustalono r\u00f3wnie\u017c, \u017ce sie\u0107 powinna mie\u0107 charakter otwarty, aby osoby p\u00f3\u017aniej dowiaduj\u0105ce si\u0119 o inicjatywie, mog\u0142y do niej do\u0142\u0105czy\u0107.<\/p>\n<p>&nbsp;<\/p>\n<p><img loading=\"lazy\" decoding=\"async\" class=\"aligncenter wp-image-3576 size-full\" src=\"https:\/\/9dwunastych.org\/wp-content\/uploads\/2023\/05\/Zestawienie-log-27-Batory3.jpg\" alt=\"\" width=\"1844\" height=\"325\" srcset=\"https:\/\/9dwunastych.org\/wp-content\/uploads\/2023\/05\/Zestawienie-log-27-Batory3.jpg 1844w, https:\/\/9dwunastych.org\/wp-content\/uploads\/2023\/05\/Zestawienie-log-27-Batory3-300x53.jpg 300w, https:\/\/9dwunastych.org\/wp-content\/uploads\/2023\/05\/Zestawienie-log-27-Batory3-1024x180.jpg 1024w, https:\/\/9dwunastych.org\/wp-content\/uploads\/2023\/05\/Zestawienie-log-27-Batory3-851x150.jpg 851w\" sizes=\"(max-width: 1844px) 100vw, 1844px\" \/><\/p>\n<\/div><\/div><\/div><\/div><\/div><\/div><\/div><\/section>","protected":false},"excerpt":{"rendered":"Podlaska Sie\u0107 R\u00f3\u017cnorodno\u015bci powsta\u0142a w 2016 r. i jest efektem sta\u0142ego kontaktu zespo\u0142u naszego stowarzyszenia z kadr\u0105 pedagogiczn\u0105 szk\u00f3\u0142 uczestnicz\u0105cych w programach warsztat\u00f3w antydyskryminacyjnych &#8222;R\u00f3\u017cnorodno\u015b\u0107 &#8211; podaj dalej!&#8221;. Jest to zesp\u00f3\u0142 nauczycielek, psycholo\u017cek, pedago\u017cek i dzia\u0142aczy\/dzia\u0142aczek spo\u0142ecznych, zmotywowanych do przeciwdzia\u0142ania zachowaniom dyskryminacyjnym oraz rozwijania si\u0119 w tym zakresie. Do tej pory sie\u0107 skupia ok. 30...","protected":false},"author":2,"featured_media":0,"parent":0,"menu_order":0,"comment_status":"closed","ping_status":"closed","template":"","meta":{"footnotes":""},"class_list":["post-2403","page","type-page","status-publish","hentry"],"acf":[],"jetpack_sharing_enabled":true,"_links":{"self":[{"href":"https:\/\/9dwunastych.org\/en_us\/wp-json\/wp\/v2\/pages\/2403"}],"collection":[{"href":"https:\/\/9dwunastych.org\/en_us\/wp-json\/wp\/v2\/pages"}],"about":[{"href":"https:\/\/9dwunastych.org\/en_us\/wp-json\/wp\/v2\/types\/page"}],"author":[{"embeddable":true,"href":"https:\/\/9dwunastych.org\/en_us\/wp-json\/wp\/v2\/users\/2"}],"replies":[{"embeddable":true,"href":"https:\/\/9dwunastych.org\/en_us\/wp-json\/wp\/v2\/comments?post=2403"}],"version-history":[{"count":23,"href":"https:\/\/9dwunastych.org\/en_us\/wp-json\/wp\/v2\/pages\/2403\/revisions"}],"predecessor-version":[{"id":3577,"href":"https:\/\/9dwunastych.org\/en_us\/wp-json\/wp\/v2\/pages\/2403\/revisions\/3577"}],"wp:attachment":[{"href":"https:\/\/9dwunastych.org\/en_us\/wp-json\/wp\/v2\/media?parent=2403"}],"curies":[{"name":"wp","href":"https:\/\/api.w.org\/{rel}","templated":true}]}}

Podlaska Sieć Różnorodności

<section class="l-section wpb_row height_medium"><div class="l-section-h i-cf"><div class="g-cols vc_row via_flex valign_top type_default stacking_default"><div class="vc_col-sm-12 wpb_column vc_column_container"><div class="vc_column-inner"><div class="wpb_wrapper"><div class="wpb_text_column"><div class="wpb_wrapper"><p><img fetchpriority="high" decoding="async" class="aligncenter wp-image-2570 size-full" src="http://9dwunastych.org/wp-content/uploads/2016/12/13590407_1185569698174677_7348778715740158068_n.png" width="851" height="315" srcset="https://9dwunastych.org/wp-content/uploads/2016/12/13590407_1185569698174677_7348778715740158068_n.png 851w, https://9dwunastych.org/wp-content/uploads/2016/12/13590407_1185569698174677_7348778715740158068_n-300x111.png 300w, https://9dwunastych.org/wp-content/uploads/2016/12/13590407_1185569698174677_7348778715740158068_n-768x284.png 768w, https://9dwunastych.org/wp-content/uploads/2016/12/13590407_1185569698174677_7348778715740158068_n-260x96.png 260w, https://9dwunastych.org/wp-content/uploads/2016/12/13590407_1185569698174677_7348778715740158068_n-50x19.png 50w, https://9dwunastych.org/wp-content/uploads/2016/12/13590407_1185569698174677_7348778715740158068_n-150x56.png 150w" sizes="(max-width: 851px) 100vw, 851px" /></p>
<p>Podlaska Sieć Różnorodności powstała w 2016 r. i jest efektem stałego kontaktu zespołu naszego stowarzyszenia z kadrą pedagogiczną szkół uczestniczących w programach warsztatów antydyskryminacyjnych &#8222;Różnorodność &#8211; podaj dalej!&#8221;. Jest to zespół nauczycielek, psycholożek, pedagożek i działaczy/działaczek społecznych, zmotywowanych do przeciwdziałania zachowaniom dyskryminacyjnym oraz rozwijania się w tym zakresie. Do tej pory sieć skupia ok. 30 osób z 24 szkół i instytucji/organizacji z: Białegostoku, Supraśla, Łomży, Sokółki, Sobolewa, Łap, Białowieży, Hajnówki oraz Ełku.</p>
<hr />
<p><strong>Cele Sieci:</strong></p>
<ul>
<li>uporządkowanie i uzupełnienie wiedzy z zakresu przeciwdziałania dyskryminacji wśród osób współpracujących z młodzieżą;</li>
<li>udzielanie wsparcia opiekunom/opiekunkom w przypadkach zachowań dyskryminacyjnych w placówkach edukacyjnych / wychowawczych;</li>
<li>wzajemna wymiana doświadczeń między osobami należącymi do sieci;</li>
<li>budowanie wspólnotowości wśród osób należących do sieci, a mających często wrażenie, że są osamotnione w swoim otoczeniu pod względem aktywności antydyskryminacyjnej.</li>
</ul>
<hr />
<p><strong>Spotkania Podlaskiej Sieci Różnorodności:</strong></p>
<p><span style="color: #ff0000;">04.07.2016</span> &#8211; Spotkanie sieciujące: zapoznanie się, wspólne wyjaśnienie pojęć związanych z edukacją antydyskryminacyjną, studium przypadku.</p>
<p><span style="color: #ff0000;">12.07.2016</span> &#8211; Spotkanie PSR z Koalicją na rzecz Edukacji Antydyskryminacyjnej: zapoznanie z praktykami działalności antydyskryminacyjnej z całej Polski.</p>
<div class="w-gallery link_file"><div class="w-gallery-list"><a class="w-gallery-item order_1" href="https://9dwunastych.org/wp-content/uploads/2017/01/13692990_10155119750968079_90309981653157618_o.jpg" title="13692990_10155119750968079_90309981653157618_o"><div class="w-gallery-item-img"><img loading="lazy" decoding="async" width="1024" height="683" src="https://9dwunastych.org/wp-content/uploads/2017/01/13692990_10155119750968079_90309981653157618_o-1024x683.jpg" class="attachment-large size-large" alt="" srcset="https://9dwunastych.org/wp-content/uploads/2017/01/13692990_10155119750968079_90309981653157618_o-1024x683.jpg 1024w, https://9dwunastych.org/wp-content/uploads/2017/01/13692990_10155119750968079_90309981653157618_o-300x200.jpg 300w, https://9dwunastych.org/wp-content/uploads/2017/01/13692990_10155119750968079_90309981653157618_o-768x512.jpg 768w, https://9dwunastych.org/wp-content/uploads/2017/01/13692990_10155119750968079_90309981653157618_o-219x146.jpg 219w, https://9dwunastych.org/wp-content/uploads/2017/01/13692990_10155119750968079_90309981653157618_o-50x33.jpg 50w, https://9dwunastych.org/wp-content/uploads/2017/01/13692990_10155119750968079_90309981653157618_o-113x75.jpg 113w, https://9dwunastych.org/wp-content/uploads/2017/01/13692990_10155119750968079_90309981653157618_o.jpg 1050w" sizes="(max-width: 1024px) 100vw, 1024px" /></div></a></div></div>
<p><span style="color: #ff0000;">17-18.09.2016</span> &#8211; Wyjazd szkoleniowy (Letnia Szkoła Różnorodności): przygotowanie trenerskie do prowadzenia własnych warsztatów antydyskryminacyjnych.</p>
<div class="w-gallery cols_3 link_file"><div class="w-gallery-list"><a class="w-gallery-item order_1" href="https://9dwunastych.org/wp-content/uploads/2017/01/LSR-3.jpg" title="LSR 3"><div class="w-gallery-item-img"><img loading="lazy" decoding="async" width="150" height="150" src="https://9dwunastych.org/wp-content/uploads/2017/01/LSR-3-150x150.jpg" class="attachment-thumbnail size-thumbnail" alt="" srcset="https://9dwunastych.org/wp-content/uploads/2017/01/LSR-3-150x150.jpg 150w, https://9dwunastych.org/wp-content/uploads/2017/01/LSR-3-85x85.jpg 85w, https://9dwunastych.org/wp-content/uploads/2017/01/LSR-3-80x80.jpg 80w, https://9dwunastych.org/wp-content/uploads/2017/01/LSR-3-750x750.jpg 750w" sizes="(max-width: 150px) 100vw, 150px" /></div></a><a class="w-gallery-item order_2" href="https://9dwunastych.org/wp-content/uploads/2017/01/LSR-2.jpg" title="LSR 2"><div class="w-gallery-item-img"><img loading="lazy" decoding="async" width="150" height="150" src="https://9dwunastych.org/wp-content/uploads/2017/01/LSR-2-150x150.jpg" class="attachment-thumbnail size-thumbnail" alt="" srcset="https://9dwunastych.org/wp-content/uploads/2017/01/LSR-2-150x150.jpg 150w, https://9dwunastych.org/wp-content/uploads/2017/01/LSR-2-85x85.jpg 85w, https://9dwunastych.org/wp-content/uploads/2017/01/LSR-2-80x80.jpg 80w, https://9dwunastych.org/wp-content/uploads/2017/01/LSR-2-750x750.jpg 750w" sizes="(max-width: 150px) 100vw, 150px" /></div></a><a class="w-gallery-item order_3" href="https://9dwunastych.org/wp-content/uploads/2017/01/LSR-1.jpg" title="LSR 1"><div class="w-gallery-item-img"><img loading="lazy" decoding="async" width="150" height="150" src="https://9dwunastych.org/wp-content/uploads/2017/01/LSR-1-150x150.jpg" class="attachment-thumbnail size-thumbnail" alt="" srcset="https://9dwunastych.org/wp-content/uploads/2017/01/LSR-1-150x150.jpg 150w, https://9dwunastych.org/wp-content/uploads/2017/01/LSR-1-85x85.jpg 85w, https://9dwunastych.org/wp-content/uploads/2017/01/LSR-1-80x80.jpg 80w, https://9dwunastych.org/wp-content/uploads/2017/01/LSR-1-750x750.jpg 750w" sizes="(max-width: 150px) 100vw, 150px" /></div></a></div></div>
<p><span style="color: #ff0000;">27.10.2016</span> &#8211; Jak pracować z filmem &#8222;Niebieskoocy&#8221;: spotkanie szkoleniowe</p>
<p>Osoby dotychczas obecne w sieci wyraziły chęć spotykania się raz na około 2-3 miesiące. Ustalono również, że sieć powinna mieć charakter otwarty, aby osoby później dowiadujące się o inicjatywie, mogły do niej dołączyć.</p>
<p>&nbsp;</p>
<p><img loading="lazy" decoding="async" class="aligncenter wp-image-3576 size-full" src="https://9dwunastych.org/wp-content/uploads/2023/05/Zestawienie-log-27-Batory3.jpg" alt="" width="1844" height="325" srcset="https://9dwunastych.org/wp-content/uploads/2023/05/Zestawienie-log-27-Batory3.jpg 1844w, https://9dwunastych.org/wp-content/uploads/2023/05/Zestawienie-log-27-Batory3-300x53.jpg 300w, https://9dwunastych.org/wp-content/uploads/2023/05/Zestawienie-log-27-Batory3-1024x180.jpg 1024w, https://9dwunastych.org/wp-content/uploads/2023/05/Zestawienie-log-27-Batory3-851x150.jpg 851w" sizes="(max-width: 1844px) 100vw, 1844px" /></p>
</div></div></div></div></div></div></div></section>

Podlaska Sieć Różnorodności powstała w 2016 r. i jest efektem stałego kontaktu zespołu naszego stowarzyszenia z kadrą pedagogiczną szkół uczestniczących w programach warsztatów antydyskryminacyjnych &#8222;Różnorodność &#8211; podaj dalej!&#8221;. Jest to zespół nauczycielek, psycholożek, pedagożek i działaczy/działaczek społecznych, zmotywowanych do przeciwdziałania zachowaniom dyskryminacyjnym oraz rozwijania się w tym zakresie. Do tej pory sieć skupia ok. 30...
