{"id":3025,"date":"2020-04-21T20:39:15","date_gmt":"2020-04-21T18:39:15","guid":{"rendered":"https:\/\/9dwunastych.org\/?page_id=3025"},"modified":"2023-05-31T17:24:57","modified_gmt":"2023-05-31T15:24:57","slug":"do-pobrania","status":"publish","type":"page","link":"https:\/\/9dwunastych.org\/en_us\/do-pobrania\/","title":{"rendered":"Do pobrania"},"content":{"rendered":"<section class=\"l-section wpb_row height_medium\"><div class=\"l-section-h i-cf\"><div class=\"g-cols vc_row via_flex valign_top type_default stacking_default\"><div class=\"vc_col-sm-12 wpb_column vc_column_container\"><div class=\"vc_column-inner\"><div class=\"wpb_wrapper\"><div class=\"wpb_text_column\"><div class=\"wpb_wrapper\"><p><img fetchpriority=\"high\" decoding=\"async\" class=\"aligncenter wp-image-3026 size-full\" src=\"https:\/\/9dwunastych.org\/wp-content\/uploads\/2020\/04\/9d-www-do-pobrania.png\" alt=\"\" width=\"1230\" height=\"468\" srcset=\"https:\/\/9dwunastych.org\/wp-content\/uploads\/2020\/04\/9d-www-do-pobrania.png 1230w, https:\/\/9dwunastych.org\/wp-content\/uploads\/2020\/04\/9d-www-do-pobrania-300x114.png 300w, https:\/\/9dwunastych.org\/wp-content\/uploads\/2020\/04\/9d-www-do-pobrania-768x292.png 768w, https:\/\/9dwunastych.org\/wp-content\/uploads\/2020\/04\/9d-www-do-pobrania-1024x390.png 1024w, https:\/\/9dwunastych.org\/wp-content\/uploads\/2020\/04\/9d-www-do-pobrania-260x99.png 260w, https:\/\/9dwunastych.org\/wp-content\/uploads\/2020\/04\/9d-www-do-pobrania-50x19.png 50w, https:\/\/9dwunastych.org\/wp-content\/uploads\/2020\/04\/9d-www-do-pobrania-150x57.png 150w\" sizes=\"(max-width: 1230px) 100vw, 1230px\" \/><\/p>\n<p>W przypadku problem\u00f3w z pobraniem plik\u00f3w lub potrzeby u\u017cycia plik\u00f3w w innym formacie prosimy o kontakt: grzegorz.stefaniak@9dwunastych.org<\/p>\n<h4><strong>PLIKI GRAFICZNE:<\/strong><\/h4>\n<ul>\n<li><a href=\"https:\/\/9dwunastych.org\/wp-content\/uploads\/2020\/04\/9d-LOGO-zestaw.zip\"><strong><span style=\"color: #333333;\">LOGO STOWARZYSZENIA (PAKIET)<\/span><\/strong><\/a><\/li>\n<li><a href=\"https:\/\/9dwunastych.org\/wp-content\/uploads\/2020\/04\/logo-finansowanie-spolecznosciowe.zip\"><strong><span style=\"color: #333333;\">LOGO FINANSOWANIA SPO\u0141ECZNO\u015aCIOWEGO (PAKIET)<\/span><\/strong><\/a><\/li>\n<li><strong><span style=\"color: #999999;\">LOGO WOLONTARIATU (PAKIET &#8211; WKR\u00d3TCE)<\/span><\/strong><\/li>\n<\/ul>\n<h4><span style=\"color: #000000;\"><strong>PUBLIKACJE:\u00a0<\/strong><\/span><\/h4>\n<p><a href=\"https:\/\/9dwunastych.org\/en_us\/pobieranie\/3233\/\"><img loading=\"lazy\" decoding=\"async\" class=\"wp-image-3236 size-full alignleft\" src=\"https:\/\/9dwunastych.org\/wp-content\/uploads\/2022\/09\/Edukacja_Antydyskryminacyjna_Po_Naszemu.jpg\" alt=\"\" width=\"595\" height=\"841\" srcset=\"https:\/\/9dwunastych.org\/wp-content\/uploads\/2022\/09\/Edukacja_Antydyskryminacyjna_Po_Naszemu.jpg 595w, https:\/\/9dwunastych.org\/wp-content\/uploads\/2022\/09\/Edukacja_Antydyskryminacyjna_Po_Naszemu-212x300.jpg 212w, https:\/\/9dwunastych.org\/wp-content\/uploads\/2022\/09\/Edukacja_Antydyskryminacyjna_Po_Naszemu-103x146.jpg 103w, https:\/\/9dwunastych.org\/wp-content\/uploads\/2022\/09\/Edukacja_Antydyskryminacyjna_Po_Naszemu-35x50.jpg 35w, https:\/\/9dwunastych.org\/wp-content\/uploads\/2022\/09\/Edukacja_Antydyskryminacyjna_Po_Naszemu-53x75.jpg 53w\" sizes=\"(max-width: 595px) 100vw, 595px\" \/><\/a><\/p>\n<p><strong>Edukacja antydyskryminacyjna &#8211; 2022<\/strong><br \/>\nMetody z Polski, Niemiec i Rumunii<\/p>\n<p>E-book jest publikacj\u0105 dla wszystkich os\u00f3b zainteresowanych upowszechnianiem wiedzy nt. edukacji antydyskryminacyjnej, kt\u00f3r\u0105 rozumiemy jako \u015bwiadome dzia- \u0142anie podnosz\u0105ce wiedz\u0119, umiej\u0119tno\u015bci i wp\u0142ywaj\u0105ce na postawy, kt\u00f3re ma na celu przeciwdzia\u0142anie dyskryminacji i przemocy motywowanej uprzedzeniami oraz wspieranie r\u00f3wno\u015bci i r\u00f3\u017cnorodno\u015bci.1 Nasz e-book adresowany jest szczeg\u00f3lnie do os\u00f3b pracuj\u0105cych edukacyjnie, psychologicznie, socjalnie z r\u00f3\u017cnorodnymi grupa- mi spo\u0142ecznymi, zw\u0142aszcza posiadaj\u0105cymi wi\u0119kszo\u015bciowe to\u017csamo\u015bci. Oczywi\u015bcie dedykowanymi odbiorczyniami s\u0105 edukatorki, pracownicy socjalni z Niemiec, Rumunii i Polski, bo te trzy konteksty kulturowe zosta\u0142y szczeg\u00f3\u0142owo om\u00f3wione na wsp\u00f3lnych warsztatach.<\/p>\n<p>Zgromadzone w nim scenariusze s\u0142u\u017c\u0105 zapoznaniu si\u0119 z metodami, kt\u00f3rymi na co dzie\u0144 pracuj\u0105 trzy organizacje zaanga\u017cowane w nasz projekt. Dotycz\u0105 one tematyki r\u00f3wno\u015bci p\u0142ci i to\u017csamo\u015bci (9dwunastych z Polski), krytycznej analizy dyskryminacji (Centrum Edukacyjne im. Anny Frank z Niemiec), czy pracy socjalnej z osobami niepi\u015bmiennymi (Generalna Dyrekcja Pomocy Spo\u0142ecznej i Ochrony Dzieci Bihor z Rumunii).<\/p>\n<p>&nbsp;<\/p>\n<p>&nbsp;<\/p>\n<hr \/>\n<p>&nbsp;<\/p>\n<ul>\n<li><span style=\"color: #999999;\"><span style=\"color: #999999;\"><strong><span style=\"color: #000000;\">NARZ\u0118DZIOWNIK R\u00d3\u017bNORODNO\u015aCI &#8211; 2015<\/span><\/strong><\/span><\/span><a href=\"https:\/\/9dwunastych.org\/en_us\/pobieranie\/3238\/\"><img loading=\"lazy\" decoding=\"async\" class=\"wp-image-3106 size-full alignleft\" src=\"https:\/\/9dwunastych.org\/wp-content\/uploads\/2020\/05\/narz-okl-pol.jpg\" alt=\"\" width=\"458\" height=\"640\" srcset=\"https:\/\/9dwunastych.org\/wp-content\/uploads\/2020\/05\/narz-okl-pol.jpg 458w, https:\/\/9dwunastych.org\/wp-content\/uploads\/2020\/05\/narz-okl-pol-215x300.jpg 215w, https:\/\/9dwunastych.org\/wp-content\/uploads\/2020\/05\/narz-okl-pol-104x146.jpg 104w, https:\/\/9dwunastych.org\/wp-content\/uploads\/2020\/05\/narz-okl-pol-36x50.jpg 36w, https:\/\/9dwunastych.org\/wp-content\/uploads\/2020\/05\/narz-okl-pol-54x75.jpg 54w\" sizes=\"(max-width: 458px) 100vw, 458px\" \/><\/a> Podr\u0119cznik sk\u0142ada si\u0119 z dw\u00f3ch cz\u0119\u015bci: Cz\u0119\u015bci I \u2013 Dobrych praktyk Organizacji oraz Cz\u0119\u015bci II \u2013 Dobrych praktyk w Dzia\u0142aniu. W Cz\u0119\u015bci I zaprezentowane s\u0105 organizacje, kt\u00f3rych misj\u0105 realizowan\u0105 poprzez wszelkie podejmowane inicjatywy jest dzia\u0142anie na rzecz poszanowania r\u00f3\u017cnorodno\u015bci spo\u0142ecznej i przeciwdzia\u0142anie dyskryminacji ze wzgl\u0119du na p\u0142e\u0107, orientacj\u0119 seksualn\u0105, narodowo\u015b\u0107, grup\u0119 etniczn\u0105, wyznanie\/bezwyznaniowo\u015b\u0107, stopie\u0144 sprawno\u015bci oraz inne przes\u0142anki. W Cz\u0119\u015bci II natomiast ukazane s\u0105 autorskie projekty zrealizowane w ramach organizacji pozarz\u0105dowych, administracji samorz\u0105dowej, b\u0105d\u017a systemu o\u015bwiaty. Zawiera ona nie tylko prezentacj\u0119 dobrych praktyk w dzia\u0142aniu, jest te\u017c zapisem silnego zaanga\u017cowania indywidualnych os\u00f3b i efektem reakcji na zaobserwowane braki w systemie kszta\u0142cenia czy odpowiedzi na niepokoj\u0105ce dla nich wydarzenia z najbli\u017cszego otoczenia. Wskazany podzia\u0142 usystematyzowa\u0142 artyku\u0142y r\u00f3\u017cnorodne pod wzgl\u0119dem podj\u0119tych dzia\u0142a\u0144 antydyskryminacyjnych jak i formu\u0142y w jakiej funkcjonuj\u0105.<br \/>\n<hr \/>\n<\/li>\n<li><span style=\"color: #999999;\"><strong>BADANIE POTRZEB OS\u00d3B LGBTQ W WOJEW\u00d3DZTWIE PODLASKIM &#8211; 2019 (WKR\u00d3TCE)<\/strong><\/span><\/li>\n<\/ul>\n<\/div><\/div><\/div><\/div><\/div><\/div><\/div><\/section>","protected":false},"excerpt":{"rendered":"W przypadku problem\u00f3w z pobraniem plik\u00f3w lub potrzeby u\u017cycia plik\u00f3w w innym formacie prosimy o kontakt: grzegorz.stefaniak@9dwunastych.org PLIKI GRAFICZNE: LOGO STOWARZYSZENIA (PAKIET) LOGO FINANSOWANIA SPO\u0141ECZNO\u015aCIOWEGO (PAKIET) LOGO WOLONTARIATU (PAKIET &#8211; WKR\u00d3TCE) PUBLIKACJE:\u00a0 Edukacja antydyskryminacyjna &#8211; 2022 Metody z Polski, Niemiec i Rumunii E-book jest publikacj\u0105 dla wszystkich os\u00f3b zainteresowanych upowszechnianiem wiedzy nt. edukacji antydyskryminacyjnej, kt\u00f3r\u0105...","protected":false},"author":2,"featured_media":3026,"parent":0,"menu_order":0,"comment_status":"closed","ping_status":"closed","template":"","meta":{"footnotes":""},"class_list":["post-3025","page","type-page","status-publish","has-post-thumbnail","hentry"],"acf":[],"jetpack_sharing_enabled":true,"_links":{"self":[{"href":"https:\/\/9dwunastych.org\/en_us\/wp-json\/wp\/v2\/pages\/3025"}],"collection":[{"href":"https:\/\/9dwunastych.org\/en_us\/wp-json\/wp\/v2\/pages"}],"about":[{"href":"https:\/\/9dwunastych.org\/en_us\/wp-json\/wp\/v2\/types\/page"}],"author":[{"embeddable":true,"href":"https:\/\/9dwunastych.org\/en_us\/wp-json\/wp\/v2\/users\/2"}],"replies":[{"embeddable":true,"href":"https:\/\/9dwunastych.org\/en_us\/wp-json\/wp\/v2\/comments?post=3025"}],"version-history":[{"count":28,"href":"https:\/\/9dwunastych.org\/en_us\/wp-json\/wp\/v2\/pages\/3025\/revisions"}],"predecessor-version":[{"id":3578,"href":"https:\/\/9dwunastych.org\/en_us\/wp-json\/wp\/v2\/pages\/3025\/revisions\/3578"}],"wp:featuredmedia":[{"embeddable":true,"href":"https:\/\/9dwunastych.org\/en_us\/wp-json\/wp\/v2\/media\/3026"}],"wp:attachment":[{"href":"https:\/\/9dwunastych.org\/en_us\/wp-json\/wp\/v2\/media?parent=3025"}],"curies":[{"name":"wp","href":"https:\/\/api.w.org\/{rel}","templated":true}]}}

<section class="l-section wpb_row height_medium"><div class="l-section-h i-cf"><div class="g-cols vc_row via_flex valign_top type_default stacking_default"><div class="vc_col-sm-12 wpb_column vc_column_container"><div class="vc_column-inner"><div class="wpb_wrapper"><div class="wpb_text_column"><div class="wpb_wrapper"><p><img fetchpriority="high" decoding="async" class="aligncenter wp-image-3026 size-full" src="https://9dwunastych.org/wp-content/uploads/2020/04/9d-www-do-pobrania.png" alt="" width="1230" height="468" srcset="https://9dwunastych.org/wp-content/uploads/2020/04/9d-www-do-pobrania.png 1230w, https://9dwunastych.org/wp-content/uploads/2020/04/9d-www-do-pobrania-300x114.png 300w, https://9dwunastych.org/wp-content/uploads/2020/04/9d-www-do-pobrania-768x292.png 768w, https://9dwunastych.org/wp-content/uploads/2020/04/9d-www-do-pobrania-1024x390.png 1024w, https://9dwunastych.org/wp-content/uploads/2020/04/9d-www-do-pobrania-260x99.png 260w, https://9dwunastych.org/wp-content/uploads/2020/04/9d-www-do-pobrania-50x19.png 50w, https://9dwunastych.org/wp-content/uploads/2020/04/9d-www-do-pobrania-150x57.png 150w" sizes="(max-width: 1230px) 100vw, 1230px" /></p>
<p>W przypadku problemów z pobraniem plików lub potrzeby użycia plików w innym formacie prosimy o kontakt: grzegorz.stefaniak@9dwunastych.org</p>
<h4><strong>PLIKI GRAFICZNE:</strong></h4>
<ul>
<li><a href="https://9dwunastych.org/wp-content/uploads/2020/04/9d-LOGO-zestaw.zip"><strong><span style="color: #333333;">LOGO STOWARZYSZENIA (PAKIET)</span></strong></a></li>
<li><a href="https://9dwunastych.org/wp-content/uploads/2020/04/logo-finansowanie-spolecznosciowe.zip"><strong><span style="color: #333333;">LOGO FINANSOWANIA SPOŁECZNOŚCIOWEGO (PAKIET)</span></strong></a></li>
<li><strong><span style="color: #999999;">LOGO WOLONTARIATU (PAKIET &#8211; WKRÓTCE)</span></strong></li>
</ul>
<h4><span style="color: #000000;"><strong>PUBLIKACJE: </strong></span></h4>
<p><a href="https://9dwunastych.org/en_us/pobieranie/3233/"><img loading="lazy" decoding="async" class="wp-image-3236 size-full alignleft" src="https://9dwunastych.org/wp-content/uploads/2022/09/Edukacja_Antydyskryminacyjna_Po_Naszemu.jpg" alt="" width="595" height="841" srcset="https://9dwunastych.org/wp-content/uploads/2022/09/Edukacja_Antydyskryminacyjna_Po_Naszemu.jpg 595w, https://9dwunastych.org/wp-content/uploads/2022/09/Edukacja_Antydyskryminacyjna_Po_Naszemu-212x300.jpg 212w, https://9dwunastych.org/wp-content/uploads/2022/09/Edukacja_Antydyskryminacyjna_Po_Naszemu-103x146.jpg 103w, https://9dwunastych.org/wp-content/uploads/2022/09/Edukacja_Antydyskryminacyjna_Po_Naszemu-35x50.jpg 35w, https://9dwunastych.org/wp-content/uploads/2022/09/Edukacja_Antydyskryminacyjna_Po_Naszemu-53x75.jpg 53w" sizes="(max-width: 595px) 100vw, 595px" /></a></p>
<p><strong>Edukacja antydyskryminacyjna &#8211; 2022</strong><br />
Metody z Polski, Niemiec i Rumunii</p>
<p>E-book jest publikacją dla wszystkich osób zainteresowanych upowszechnianiem wiedzy nt. edukacji antydyskryminacyjnej, którą rozumiemy jako świadome dzia- łanie podnoszące wiedzę, umiejętności i wpływające na postawy, które ma na celu przeciwdziałanie dyskryminacji i przemocy motywowanej uprzedzeniami oraz wspieranie równości i różnorodności.1 Nasz e-book adresowany jest szczególnie do osób pracujących edukacyjnie, psychologicznie, socjalnie z różnorodnymi grupa- mi społecznymi, zwłaszcza posiadającymi większościowe tożsamości. Oczywiście dedykowanymi odbiorczyniami są edukatorki, pracownicy socjalni z Niemiec, Rumunii i Polski, bo te trzy konteksty kulturowe zostały szczegółowo omówione na wspólnych warsztatach.</p>
<p>Zgromadzone w nim scenariusze służą zapoznaniu się z metodami, którymi na co dzień pracują trzy organizacje zaangażowane w nasz projekt. Dotyczą one tematyki równości płci i tożsamości (9dwunastych z Polski), krytycznej analizy dyskryminacji (Centrum Edukacyjne im. Anny Frank z Niemiec), czy pracy socjalnej z osobami niepiśmiennymi (Generalna Dyrekcja Pomocy Społecznej i Ochrony Dzieci Bihor z Rumunii).</p>
<p>&nbsp;</p>
<p>&nbsp;</p>
<hr />
<p>&nbsp;</p>
<ul>
<li><span style="color: #999999;"><span style="color: #999999;"><strong><span style="color: #000000;">NARZĘDZIOWNIK RÓŻNORODNOŚCI &#8211; 2015</span></strong></span></span><a href="https://9dwunastych.org/en_us/pobieranie/3238/"><img loading="lazy" decoding="async" class="wp-image-3106 size-full alignleft" src="https://9dwunastych.org/wp-content/uploads/2020/05/narz-okl-pol.jpg" alt="" width="458" height="640" srcset="https://9dwunastych.org/wp-content/uploads/2020/05/narz-okl-pol.jpg 458w, https://9dwunastych.org/wp-content/uploads/2020/05/narz-okl-pol-215x300.jpg 215w, https://9dwunastych.org/wp-content/uploads/2020/05/narz-okl-pol-104x146.jpg 104w, https://9dwunastych.org/wp-content/uploads/2020/05/narz-okl-pol-36x50.jpg 36w, https://9dwunastych.org/wp-content/uploads/2020/05/narz-okl-pol-54x75.jpg 54w" sizes="(max-width: 458px) 100vw, 458px" /></a> Podręcznik składa się z dwóch części: Części I – Dobrych praktyk Organizacji oraz Części II – Dobrych praktyk w Działaniu. W Części I zaprezentowane są organizacje, których misją realizowaną poprzez wszelkie podejmowane inicjatywy jest działanie na rzecz poszanowania różnorodności społecznej i przeciwdziałanie dyskryminacji ze względu na płeć, orientację seksualną, narodowość, grupę etniczną, wyznanie/bezwyznaniowość, stopień sprawności oraz inne przesłanki. W Części II natomiast ukazane są autorskie projekty zrealizowane w ramach organizacji pozarządowych, administracji samorządowej, bądź systemu oświaty. Zawiera ona nie tylko prezentację dobrych praktyk w działaniu, jest też zapisem silnego zaangażowania indywidualnych osób i efektem reakcji na zaobserwowane braki w systemie kształcenia czy odpowiedzi na niepokojące dla nich wydarzenia z najbliższego otoczenia. Wskazany podział usystematyzował artykuły różnorodne pod względem podjętych działań antydyskryminacyjnych jak i formuły w jakiej funkcjonują.<br />
<hr />
</li>
<li><span style="color: #999999;"><strong>BADANIE POTRZEB OSÓB LGBTQ W WOJEWÓDZTWIE PODLASKIM &#8211; 2019 (WKRÓTCE)</strong></span></li>
</ul>
</div></div></div></div></div></div></div></section>

W przypadku problemów z pobraniem plików lub potrzeby użycia plików w innym formacie prosimy o kontakt: grzegorz.stefaniak@9dwunastych.org PLIKI GRAFICZNE: LOGO STOWARZYSZENIA (PAKIET) LOGO FINANSOWANIA SPOŁECZNOŚCIOWEGO (PAKIET) LOGO WOLONTARIATU (PAKIET &#8211; WKRÓTCE) PUBLIKACJE:  Edukacja antydyskryminacyjna &#8211; 2022 Metody z Polski, Niemiec i Rumunii E-book jest publikacją dla wszystkich osób zainteresowanych upowszechnianiem wiedzy nt. edukacji antydyskryminacyjnej, którą...
